{"id":228,"date":"2020-05-09T15:47:29","date_gmt":"2020-05-09T13:47:29","guid":{"rendered":"http:\/\/ivanovx.cluster028.hosting.ovh.net\/?page_id=228"},"modified":"2025-03-16T13:51:56","modified_gmt":"2025-03-16T12:51:56","slug":"votre-avocat","status":"publish","type":"page","link":"https:\/\/www.ivanova-avocat.com\/index.php\/votre-avocat\/","title":{"rendered":"VOTRE AVOCAT"},"content":{"rendered":"\n<div class=\"wp-block-group has-global-padding is-layout-constrained wp-block-group-is-layout-constrained\">\n<div class=\"wp-block-columns is-layout-flex wp-container-core-columns-is-layout-1 wp-block-columns-is-layout-flex\">\n<div class=\"wp-block-column is-layout-flow wp-block-column-is-layout-flow\" style=\"flex-basis:100%\"><div id=\"pl-gb228-69d140da8a433\"  class=\"panel-layout wp-block-siteorigin-panels-layout-block\" ><div id=\"pg-gb228-69d140da8a433-0\"  class=\"panel-grid panel-has-style\" ><div class=\"siteorigin-panels-stretch panel-row-style panel-row-style-for-gb228-69d140da8a433-0\" style=\"padding: 40px 0; \" data-stretch-type=\"full\" data-overlay=\"true\" data-overlay-color=\"#000000\" ><div id=\"pgc-gb228-69d140da8a433-0-0\"  class=\"panel-grid-cell\" ><div id=\"panel-gb228-69d140da8a433-0-0-0\" class=\"so-panel widget widget_black-studio-tinymce widget_black_studio_tinymce panel-first-child panel-last-child\" data-index=\"0\" ><div style=\"text-align: right;\" data-title-color=\"#000000\" data-headings-color=\"#000000\" class=\"panel-widget-style panel-widget-style-for-gb228-69d140da8a433-0-0-0\" ><h3 class=\"widget-title\"> Dr. Estelle IVANOVA Avocate au Barreau de Paris<\/h3><div class=\"textwidget\"><p><img loading=\"lazy\" decoding=\"async\" class=\"aligncenter\" src=\"https:\/\/www.ivanova-avocat.com\/wp-content\/uploads\/2024\/09\/IMG_214810-e1725233105385-234x300.jpeg\" alt=\"\" width=\"177\" height=\"227\" \/><\/p>\n<p style=\"font-weight: 400; text-align: center;\"><strong>Doctorat en droit \u2013 Universit\u00e9 Paris 1 Panth\u00e9on-Sorbonne, France<\/strong><\/p>\n<p style=\"font-weight: 400; text-align: center;\"><strong>CAS R\u00e9gulation du sport mondial\u00a0\u2013 Universit\u00e9 de Lausanne, Suisse<\/strong><\/p>\n<p style=\"font-weight: 400; text-align: center;\"><strong>DU M\u00e9diateur &#8211; Ifomene Institut Catholique de Paris, France<\/strong><\/p>\n<p style=\"font-weight: 400; text-align: center;\"><strong>Qualification \u00c9cole Internationale des Modes Alternatifs de R\u00e8glement des Litiges \u00a0\u2013 <\/strong><strong>\u00c9cole de Formation du Barreau de Paris, France<\/strong><\/p>\n<p style=\"font-weight: 400; text-align: center;\"><strong>Certificat d&rsquo;Aptitude \u00e0 la Profession d&rsquo;Avocat (CAPA)\u00a0\u2013 \u00c9cole de Formation du Barreau de Paris, France<\/strong><\/p>\n<p style=\"font-weight: 400; text-align: center;\"><strong>Master en droit europ\u00e9en\u00a0\u2013 Universit\u00e9 Paris 1 Panth\u00e9on-Sorbonne, France<\/strong><\/p>\n<p style=\"font-weight: 400; text-align: center;\"><strong>Master en droit international\u00a0\u2013 Universit\u00e9 de Bordeaux, France<\/strong><\/p>\n<p style=\"text-align: center;\"><strong>Fran\u00e7ais Anglais Bulgare Italien<\/strong><\/p>\n<p style=\"font-weight: 400; text-align: left;\"><strong>Titulaire d\u2019un Doctorat en droit avec Mention de l\u2019Universit\u00e9 Paris 1 Panth\u00e9on-Sorbonne relatif \u00e0 \u00abL\u2019Union europ\u00e9enne dans l\u2019arbitrage international des investissements: aspects proc\u00e9duraux\u00bb, Me Estelle IVANOVA est form\u00e9e \u00e0 la gestion des contentieux internes, europ\u00e9ens et internationaux.<\/strong><\/p>\n<p style=\"font-weight: 400; text-align: left;\"><strong>Apr\u00e8s une exp\u00e9rience \u00e0 la Chambre arbitrale internationale de Paris et plusieurs ann\u00e9es de pratiques au sein des cabinets d\u2019avocats parisiens et londoniens, sp\u00e9cialis\u00e9s plut\u00f4t dans la n\u00e9gociation, le droit administratif et la protection des droits de l&rsquo;homme, Me Estelle IVANOVA a \u00e9largi ses domaines d\u2019intervention vers le droit du sport et l&rsquo;arbitrage international du sport, se sp\u00e9cialisant dans la d\u00e9fense des int\u00e9r\u00eats des athl\u00e8tes et des parties prenantes. En tant qu&rsquo;avocate Pro Bono devant les Chambres ad hoc et anti-dopage du Tribunal Arbitral du Sport (TAS) pour les Jeux Olympiques et Paralympiques de Paris 2024, elle a ainsi pu assurer la d\u00e9fense des droits des athl\u00e8tes professionnels de haut niveau.<\/strong><\/p>\n<p style=\"text-align: left;\"><strong>Avocate et m\u00e9diatrice, Me Estelle IVANOVA accorde une importance particuli\u00e8re \u00e0 l&rsquo;\u00e9coute et au dialogue. Elle vous aide \u00e0 faire valoir vos droits en toute confidentialit\u00e9, avec une s\u00e9curit\u00e9 juridique renforc\u00e9e.<\/strong><\/p>\n<p style=\"text-align: left;\"><strong>Intervenant tant en conseil qu\u2019en contentieux, Me Estelle IVANOVA met en \u0153uvre des strat\u00e9gies de d\u00e9fense adapt\u00e9es dans l\u2019int\u00e9r\u00eat de ses clients, recherchant, si n\u00e9cessaire, des solutions transactionnelles aux probl\u00e8mes juridiques soulev\u00e9s.<\/strong><\/p>\n<p style=\"text-align: left;\"><strong>En parall\u00e8le de sa carri\u00e8re d\u2019avocate et de m\u00e9diatrice, Me Estelle IVANOVA a occup\u00e9 la fonction d\u2019Attach\u00e9e temporaire d\u2019enseignement et de recherche (ATER) en droit public et a enseign\u00e9 dans les universit\u00e9s Paris 2 Panth\u00e9on-Assas, Paris 1 Panth\u00e9on-Sorbonne, Versailles Saint-Quentin-en-Yvelines (UVSQ), Le Mans et Nice C\u00f4te d\u2019Azur.<\/strong><\/p>\n<p style=\"font-weight: 400; text-align: left;\"><strong>Me Estelle IVANOVA est l\u2019auteur des publications dans des revues juridiques sp\u00e9cialis\u00e9es.\u00a0<\/strong><\/p><\/div><\/div><\/div><\/div><\/div><\/div><\/div><\/div>\n<\/div>\n<\/div>\n\n\n\n<p class=\"has-small-font-size\"><\/p>\n","protected":false},"excerpt":{"rendered":"","protected":false},"author":1,"featured_media":0,"parent":0,"menu_order":0,"comment_status":"closed","ping_status":"closed","template":"","meta":{"footnotes":""},"class_list":["post-228","page","type-page","status-publish","hentry"],"_links":{"self":[{"href":"https:\/\/www.ivanova-avocat.com\/index.php\/wp-json\/wp\/v2\/pages\/228","targetHints":{"allow":["GET"]}}],"collection":[{"href":"https:\/\/www.ivanova-avocat.com\/index.php\/wp-json\/wp\/v2\/pages"}],"about":[{"href":"https:\/\/www.ivanova-avocat.com\/index.php\/wp-json\/wp\/v2\/types\/page"}],"author":[{"embeddable":true,"href":"https:\/\/www.ivanova-avocat.com\/index.php\/wp-json\/wp\/v2\/users\/1"}],"replies":[{"embeddable":true,"href":"https:\/\/www.ivanova-avocat.com\/index.php\/wp-json\/wp\/v2\/comments?post=228"}],"version-history":[{"count":103,"href":"https:\/\/www.ivanova-avocat.com\/index.php\/wp-json\/wp\/v2\/pages\/228\/revisions"}],"predecessor-version":[{"id":748,"href":"https:\/\/www.ivanova-avocat.com\/index.php\/wp-json\/wp\/v2\/pages\/228\/revisions\/748"}],"wp:attachment":[{"href":"https:\/\/www.ivanova-avocat.com\/index.php\/wp-json\/wp\/v2\/media?parent=228"}],"curies":[{"name":"wp","href":"https:\/\/api.w.org\/{rel}","templated":true}]}}